he highest common factor of 729 and 162.
81
What is the highest common divisor of 396 and 504?
36
What is the greatest common divisor of 105 and 70?
35
What is the highest common divisor of 255 and 9588?
51
Calculate the greatest common factor of 7 and 112.
7
What is the greatest common divisor of 297 and 110?
11
What is the greatest common divisor of 10152 and 144?
72
What is the greatest common factor of 1600 and 50?
50
What is the highest common factor of 882 and 144?
18
Calculate the greatest common divisor of 459 and 108.
27
Calculate the highest common divisor of 9 and 5.
1
What is the highest common divisor of 196 and 756?
28
Calculate the highest common divisor of 53 and 1537.
53
What is the greatest common factor of 312 and 117?
39
What is the greatest common factor of 21 and 9219?
21
Calculate the highest common divisor of 32 and 2928.
16
What is the greatest common divisor of 37572 and 6?
6
What is the greatest common divisor of 16212 and 140?
28
What is the highest common factor of 5125 and 41?
41
What is the greatest common factor of 68 and 1?
1
Calculate the highest common divisor of 312 and 13.
13
What is the greatest common divisor of 25 and 515?
5
What is the greatest common factor of 392 and 56?
56
What is the greatest common factor of 360 and 40?
40
What is the greatest common factor of 645 and 30?
15
What is the highest common divisor of 354 and 2242?
118
Calculate the highest common factor of 1246 and 14.
14
Calculate the greatest common divisor of 7613 and 115.
23
Calculate the highest common divisor of 3071 and 111.
37
Calculate the highest common factor of 78 and 390.
78
Calculate the greatest common factor of 132 and 231.
33
Calculate the greatest common factor of 426 and 12.
6
Calculate the greatest common divisor of 1403 and 92.
23
What is the highest common divisor of 2645 and 2990?
115
Calculate the highest common divisor of 207 and 128547.
207
Calculate the greatest common divisor of 429 and 39.
39
Calculate the greatest common divisor of 122 and 976.
122
What is the highest common factor of 3 and 19347?
3
What is the greatest common factor of 220 and 2332?
44
Calculate the highest common divisor of 96 and 2364.
12
What is the highest common factor of 54 and 558?
18
What is the highest common factor of 159 and 53?
53
What is the greatest common divisor of 288 and 672?
96
Calculate the highest common divisor of 20 and 1010.
10
Calculate the highest common factor of 70 and 105.
35
What is the greatest common factor of 247 and 65?
13
Calculate the greatest common factor of 90 and 75.
15
Calculate the highest common factor of 48 and 84.
12
What is the greatest common divisor of 572 and 1001?
143
What is the greatest common divisor of 63 and 18396?
63
What is the greatest common divisor of 1264 and 32?
16
What is the highest common factor of 28 and 8974?
14
Calculate the highest common divisor of 82 and 41.
41
Calculate the greatest common factor of 9 and 27.
9
What is the highest common divisor of 7 and 7?
7
Calculate the greatest common factor of 7 and 112.
7
What is the greatest common factor of 679 and 7857?
97
Calculate the highest common divisor of 13 and 2743.
13
Calculate the highest common divisor of 89 and 1691.
89
What is the greatest common factor of 781 and 852?
71
Calculate the greatest common factor of 194 and 12319.
97
What is the highest common factor of 95 and 10?
5
What is the highest common factor of 434 and 22785?
217
Calculate the highest common divisor of 36 and 6066.
18
Calculate the greatest common divisor of 671 and 122.
61
Calculate the highest common divisor of 62 and 4.
2
What is the highest common divisor of 480 and 5088?
96
Calculate the greatest common factor of 20691 and 171.
171
Calculate the highest common divisor of 640 and 240.
80
What is the highest common factor of 33 and 649?
11
What is the highest common divisor of 50 and 125?
25
What is the highest common divisor of 3 and 1893?
3
Calculate the greatest common factor of 23 and 368.
23
What is the greatest common factor of 160 and 128?
32
What is the highest common divisor of 114 and 95?
19
What is the greatest common factor of 180 and 100?
20
Calculate the greatest common factor of 20 and 1070.
10
What is the highest common divisor of 70 and 10?
10
What is the highest common factor of 177 and 15?
3
What is the highest common divisor of 8 and 2428?
4
Calculate the greatest common divisor of 29 and 232.
29
Calculate the greatest common divisor of 438 and 29638.
146
What is the greatest common divisor of 21009 and 282?
141
Calculate the greatest common divisor of 32424 and 28.
28
What is the greatest common divisor of 126 and 3339?
63
What is the greatest common divisor of 187 and 459?
17
What is the greatest common factor of 15 and 445?
5
Calculate the greatest common factor of 144 and 6768.
144
What is the highest common factor of 90 and 610?
10
Calculate the greatest common divisor of 4266 and 2054.
158
What is the greatest common factor of 9189 and 9?
9
What is the greatest common factor of 23 and 2852?
23
Calculate the greatest common factor of 29620 and 20.
20
Calculate the highest common divisor of 276 and 36.
12
What is the highest common factor of 6848 and 4?
4
What is the greatest common factor of 902 and 22?
22
What is the greatest common factor of 1148 and 84?
28
What is the greatest common divisor of 5 and 8?
1
Calculate the highest common divisor of 192 and 3.
3
What is the highest common divisor of 13987 and 355?
71
Calculate the highest common divisor of 6 and 2406.
6
Calculate the highest common factor of 16 and 344.
8
What is the greatest common divisor of 370 and 35?
5
What is the greatest common factor of 2964 and 114?
114
Calculate the greatest common divisor of 182 and 598.
26
What is the greatest common factor of 260 and 740?
20
Calculate the greatest common divisor of 234 and 342.
18
Calculate the highest common factor of 162 and 1998.
54
What is the highest common divisor of 2 and 142?
2
Calculate the greatest common divisor of 13 and 20631.
13
Calculate the highest common factor of 27651 and 13.
13
What is the highest common divisor of 22 and 11?
11
What is the greatest common factor of 670 and 15745?
335
Calculate the highest common factor of 1023 and 279.
93
What is the highest common divisor of 24 and 1896?
24
Calculate the highest common divisor of 6399 and 648.
81
What is the greatest common divisor of 496 and 16?
16
What is the greatest common divisor of 750 and 300?
150
Calculate the highest common divisor of 96 and 2784.
96
Calculate the greatest common divisor of 1440 and 90.
90
Calculate the greatest common divisor of 570 and 209.
19
What is the highest common divisor of 48 and 19884?
12
What is the greatest common divisor of 1166 and 22?
22
What is the greatest common divisor of 95 and 551?
19
Calculate the highest common factor of 26 and 351.
13
Calculate the highest common factor of 12 and 356.
4
Calculate the highest common factor of 189 and 42.
21
Calculate the greatest common divisor of 4 and 29.
1
Calculate the highest common factor of 2300 and 184.
92
What is the highest common factor of 1521 and 468?
117
Calculate the greatest common factor of 3900 and 507.
39
Calculate the highest common factor of 40 and 2360.
40
Calculate the highest common factor of 9 and 171.
9
What is the highest common factor of 44 and 1133?
11
Calculate the greatest common divisor of 14 and 64.
2
What is the greatest common factor of 1534 and 65?
13
Calculate the highest common divisor of 91 and 14.
7
Calculate the greatest common divisor of 72 and 1800.
72
Calculate the highest common factor of 72 and 8.
8
Calculate the highest common factor of 138 and 3657.
69
Calculate the highest common divisor of 8 and 25352.
8
What is the greatest common factor of 99 and 36?
9
What is the greatest common divisor of 345 and 1495?
115
Calculate the greatest common factor of 5 and 5690.
5
Calculate the highest common divisor of 5 and 13.
1
Calculate the greatest common divisor of 8802 and 54.
54
Calculate the highest common divisor of 1098 and 18.
18
Calculate the highest common divisor of 276 and 3000.
12
Calculate the greatest common divisor of 9 and 72.
9
What is the greatest common divisor of 200 and 8?
8
What is the h